{"id":8971,"date":"2023-08-21T13:26:56","date_gmt":"2023-08-21T16:26:56","guid":{"rendered":"https:\/\/blog.tukywaingan.com\/?page_id=8971"},"modified":"2023-09-18T19:18:27","modified_gmt":"2023-09-18T22:18:27","slug":"envios-y-retiro","status":"publish","type":"page","link":"https:\/\/blog.tukywaingan.com\/index.php\/envios-y-retiro","title":{"rendered":"Env\u00edos y Retiro"},"content":{"rendered":"\n<p><\/p>\n\n\n\n<h1 class=\"wp-block-heading\">Env\u00edos y Retiro<\/h1>\n\n\n\n<h2 class=\"wp-block-heading\">Dudas frecuentes<\/h2>\n\n\n\n<p>Trabajo con Motomensajer\u00eda para CABA y gran parte de Buenos Aires.<br>Tambi\u00e9n con Correo Argentino (a domicilio o a sucursal) para las partes m\u00e1s lejanas de Buenos Aires y para el resto de las provincias.<\/p>\n\n\n\n<details class=\"wp-block-details is-layout-flow wp-block-details-is-layout-flow\"><summary>\u00bfHac\u00e9s env\u00edos a CABA?<\/summary>\n<p>S\u00ed, para CABA: pod\u00e9s elegir entre 1) \u201cMoto Hoy o ma\u00f1ana\u201d, 2) \u201cCorreo Argentino a Domicilio o a Sucursal\u201d.<br><br><strong>1) Moto HOY o ma\u00f1ana (Solo CABA y Buenos aires):<\/strong><br>Si realizas una compra antes de las 13 hs. te llegar\u00e1 HOY (entre las 14 y las 21hs.)<br>Si compr\u00e1s despu\u00e9s de las 13hs. te llegar\u00e1 MA\u00d1ANA (entre las 14 y las 21hs) o el siguiente d\u00eda h\u00e1bil de despacho (<em>S\u00e1bado y Domingo NO hay moto<\/em>)<\/p>\n\n\n\n<p><em>Si eleg\u00eds Moto como forma de env\u00edo ten\u00e9 en cuenta que:<\/em><br>-Cuando realizas una compra tengo que envolver bellamente tus art\u00edculos, contactar a mi super mensajer\u00eda, coordinar nuestros horarios y pasar\u00e1n por mi casa a retirar el paquete (La moto por su parte tiene que entregar varios paquetes, no solo los m\u00edos.)<br>Teniendo en cuenta esto, entre mi preparaci\u00f3n y la log\u00edstica de la moto, nos esforzamos mucho para entregarte todo HOY, siempre lo logramos, pero si surge alg\u00fan imprevisto te pedimos disculpas por anticipado y te entregaremos al d\u00eda siguiente.<br>-No hay env\u00edos S\u00c1BADOS, DOMINGOS ni FERIADOS, ya que la moto no trabaja en dichas fechas.<\/p>\n\n\n\n<p>Tu Informaci\u00f3n es importante:<br>No olvides incluir tu tel\u00e9fono de contacto y aclararme en tu pedido lo que quieras sobre tu direcci\u00f3n Ej: \u201c<em>Tocar el timbre blanco<\/em>\u201d o \u201c<em>Preguntar por el Encargado si no atiendo<\/em>\u201d o \u201c<em>No pasar de 15:30 a 17:30 que es horario de retiro de la<\/em> <em>escuela<\/em>\u201c, etc. Esa clase de informaci\u00f3n nos ayuda mucho para no demorarnos en la ruta de entregas.<\/p>\n\n\n\n<p><strong>2) \u201cCorreo Argentino a Domicilio o a Sucursal\u201d<\/strong><br>Todos los env\u00edos de la semana los envuelvo delicadamente y los llevo al correo los d\u00edas S\u00e1bados por la ma\u00f1ana. Pero, si la vida de Mam\u00e1 emprendedora me lo permite, puede que env\u00ede tu paquete mucho antes del pr\u00f3ximo S\u00e1bado \ud83d\ude0a<br>En todos los casos, cuando compr\u00e1s en mi tienda, se genera un usuario para vos y desde <a rel=\"noreferrer noopener\" href=\"https:\/\/blog.tukywaingan.com\/index.php\/mi-cuenta\/\" target=\"_blank\"><strong>\u201cMI CUENTA\u201d<\/strong><\/a> podr\u00e1s ver los estados de tu pedido y leer todas las notitas que dejo para vos. Incluso ver\u00e1s el n\u00famero de seguimiento y el link para que puedas seguir tu paquete por la web de Correo Argentino.<\/p>\n\n\n\n<p><\/p>\n<\/details>\n\n\n\n<details class=\"wp-block-details is-layout-flow wp-block-details-is-layout-flow\"><summary>\u00bfHac\u00e9s env\u00edos a Provincia de Bs. As. y resto del pa\u00eds?<\/summary>\n<p>S\u00ed, para BUENOS AIRES: pod\u00e9s elegir entre 1) \u201cMoto Hoy o ma\u00f1ana\u201d, 2) \u201cCorreo Argentino a Domicilio o a Sucursal\u201d.<br>Para otras PROVINCIAS: \u201cCorreo Argentino a Domicilio o a Sucursal\u201d.<br><br><strong>1) Moto HOY o ma\u00f1ana (Solo CABA y Buenos aires):<\/strong><br>Si realizas una compra antes de las 13 hs. te llegar\u00e1 HOY (entre las 14 y las 21hs.)<br>Si compr\u00e1s despu\u00e9s de las 13hs. te llegar\u00e1 MA\u00d1ANA (entre las 14 y las 21hs) o el siguiente d\u00eda h\u00e1bil de despacho (<em>S\u00e1bado y Domingo NO hay moto<\/em>).<\/p>\n\n\n\n<p><em>Si eleg\u00eds Moto como forma de env\u00edo ten\u00e9 en cuenta que:<\/em><br>-Cuando realizas una compra tengo que envolver bellamente tus art\u00edculos, contactar a mi super mensajer\u00eda, coordinar nuestros horarios y pasar\u00e1n por mi casa a retirar el paquete (La moto por su parte tiene que entregar varios paquetes, no solo los m\u00edos.)<br>Teniendo en cuenta esto, entre mi preparaci\u00f3n y la log\u00edstica de la moto, nos esforzamos mucho para entregarte todo HOY, siempre lo logramos, pero si surge alg\u00fan imprevisto te pedimos disculpas por anticipado y te entregaremos al d\u00eda siguiente.<br>-No hay env\u00edos S\u00c1BADOS, DOMINGOS ni FERIADOS, ya que la moto no trabaja en dichas fechas.<\/p>\n\n\n\n<p>Tu Informaci\u00f3n es importante:<br>No olvides incluir tu tel\u00e9fono de contacto y aclararme en tu pedido lo que quieras sobre tu direcci\u00f3n Ej: \u201c<em>Tocar el timbre blanco<\/em>\u201d o \u201c<em>Preguntar por el Encargado si no atiendo<\/em>\u201d o \u201c<em>No pasar de 15:30 a 17:30 que es horario de retiro de la<\/em> <em>escuela<\/em>\u201c, etc. Esa clase de informaci\u00f3n nos ayuda mucho para no demorarnos en la ruta de entregas.<\/p>\n\n\n\n<p><strong>2) \u201cCorreo Argentino a Domicilio o a Sucursal\u201d<\/strong><br>Todos los env\u00edos de la semana los envuelvo delicadamente y los llevo al correo los d\u00edas S\u00e1bados por la ma\u00f1ana. Pero, si la vida de Mam\u00e1 emprendedora me lo permite, puede que env\u00ede tu paquete mucho antes del pr\u00f3ximo S\u00e1bado \ud83d\ude0a<br>En todos los casos, cuando compr\u00e1s en mi tienda, se genera un usuario para vos y desde <a rel=\"noreferrer noopener\" href=\"https:\/\/blog.tukywaingan.com\/index.php\/mi-cuenta\/\" target=\"_blank\"><strong>\u201cMI CUENTA\u201d<\/strong><\/a> podr\u00e1s ver los estados de tu pedido y leer todas las notitas que dejo para vos. Incluso ver\u00e1s el n\u00famero de seguimiento y el link para que puedas seguir tu paquete por la web de Correo Argentino.<\/p>\n\n\n\n<p><\/p>\n<\/details>\n\n\n\n<details class=\"wp-block-details is-layout-flow wp-block-details-is-layout-flow\"><summary>\u00bfPuedo retirar en persona?<\/summary>\n<p>S\u00ed. Estamos en Palermo a 4 cuadras de Plaza Italia. Pod\u00e9s retirar <strong>solo los d\u00edas S\u00e1bados de 14 a 18hs.<\/strong><br>Contactarse v\u00eda Whatsapp dejando Nombre, Apellido y DNI de la persona que retirar\u00e1.<br>Solo est\u00e1 disponible esta forma para entrega de pedidos ya realizados en la web y se entrega EN LA PUERTA.<br>Por razones de seguridad NO realizo cobros de dinero en la puerta.<\/p>\n<\/details>\n\n\n\n<details class=\"wp-block-details is-layout-flow wp-block-details-is-layout-flow\"><summary>\u00bfHac\u00e9s env\u00edos a otros pa\u00edses?<\/summary>\n<p>Hago env\u00edos por DHL a todas partes del mundo. Seg\u00fan en qu\u00e9 pa\u00eds te encuentres recibir\u00e1s tu compra <strong>entre 3 y 7 d\u00edas h\u00e1biles<\/strong>.<br>Tu compra incluye n\u00famero de seguimiento.<br>Para conocer costos y tiempo de env\u00edo exacto pod\u00e9s escribirme antes de comprar.<\/p>\n<\/details>\n\n\n\n<details class=\"wp-block-details is-layout-flow wp-block-details-is-layout-flow\"><summary>\u00bfC\u00f3mo puedo hacer seguimiento de un pedido de Correo Argentino?<\/summary>\n<p>Cuando eleg\u00eds este medio de env\u00edo te har\u00e9 llegar a tu email el un n\u00famero de seguimiento y el enlace a la p\u00e1gina del Correo Argentino: <a rel=\"noreferrer noopener\" href=\"https:\/\/www.correoargentino.com.ar\/formularios\/e-commerce\" data-type=\"link\" data-id=\"https:\/\/www.correoargentino.com.ar\/formularios\/e-commerce\" target=\"_blank\"><strong>esta es la web<\/strong><\/a>.<br>Yo suelo entrar a esa web, poner el n\u00famero de tu seguimiento y ver su estado; porque no cierro mis pedidos hasta que vos me confirmes que te lleg\u00f3 todo ok.<br>Dicho sea de paso, si lo recib\u00eds antes que yo te contante av\u00edsame, as\u00ed me quedo tranqui y cierro tu orden\ud83d\ude09<br><br>Si me segu\u00eds por <a href=\"https:\/\/www.instagram.com\/tuky.waingan\/\" data-type=\"link\" data-id=\"https:\/\/www.instagram.com\/tuky.waingan\/\" target=\"_blank\" rel=\"noreferrer noopener\">Instagram <\/a>en el link de Bio tendr\u00e1s el enlace para ir directo a la p\u00e1gina de seguimiento y tambi\u00e9n la de Dejarme una rese\u00f1a \ud83d\ude09<\/p>\n<\/details>\n\n\n\n<p><\/p>\n\n\n\n<h2 class=\"wp-block-heading has-text-align-center\">CONSIDERACIONES SOBRE MIS ENV\u00cdOS<br><em>para que estemos en la misma p\u00e1gina<\/em>: <\/h2>\n\n\n\n<p class=\"has-text-align-center\">Ninguno de mis art\u00edculos es un alimento o un medicamento que salvar\u00e1 la vida de una persona. <br>Cuando compr\u00e1s en mi tienda es porque est\u00e1s apoyando mi trabajo artesanal y yo, que amo lo que hago,<br>amo tambi\u00e9n hacerte llegar lo que compraste lo m\u00e1s r\u00e1pido posible.<br>Dicho esto, ten\u00e9 en cuenta que el servicio de Moto y de Correo NO es algo que yo controle.<br>El clima en el mundo tampoco.<br>Si llueve, o si la mensajer\u00eda se atrasa o, el Correo se demora;<br>no podr\u00e9 hacer otra cosa m\u00e1s que reclamar y esperar igual que vos, a que te entreguen.<br><br>Si por una demora eventual en el env\u00edo,<br>calific\u00e1s mi art\u00edculo con menos estrellas est\u00e1s perjudicando mi emprendimiento por algo que es ajeno a mi.<br><br>Respeto, amabilidad y atenci\u00f3n en el trato tambi\u00e9n se incluyen en mis env\u00edos\ud83d\ude0a.<\/p>\n\n\n\n<p class=\"has-text-align-center\"><br>Ante cualquier consulta no dudes en <a href=\"https:\/\/blog.tukywaingan.com\/index.php\/contact\/\" data-type=\"link\" data-id=\"https:\/\/blog.tukywaingan.com\/index.php\/contact\/\">contactarme<\/a><\/p>\n","protected":false},"excerpt":{"rendered":"<p>Env\u00edos y Retiro Dudas frecuentes Trabajo con Motomensajer\u00eda para CABA y gran parte de Buenos Aires.Tambi\u00e9n con Correo Argentino (a domicilio o &#8230; <\/p>\n<p class=\"read-more-container\"><a title=\"Env\u00edos y Retiro\" class=\"read-more button\" href=\"https:\/\/blog.tukywaingan.com\/index.php\/envios-y-retiro#more-8971\" aria-label=\"Leer m\u00e1s sobre Env\u00edos y Retiro\">Leer m\u00e1s<\/a><\/p>\n","protected":false},"author":2,"featured_media":0,"parent":0,"menu_order":0,"comment_status":"closed","ping_status":"closed","template":"","meta":{"jetpack_post_was_ever_published":false,"footnotes":""},"class_list":["post-8971","page","type-page","status-publish"],"jetpack_sharing_enabled":true,"jetpack_likes_enabled":false,"_links":{"self":[{"href":"https:\/\/blog.tukywaingan.com\/index.php\/wp-json\/wp\/v2\/pages\/8971","targetHints":{"allow":["GET"]}}],"collection":[{"href":"https:\/\/blog.tukywaingan.com\/index.php\/wp-json\/wp\/v2\/pages"}],"about":[{"href":"https:\/\/blog.tukywaingan.com\/index.php\/wp-json\/wp\/v2\/types\/page"}],"author":[{"embeddable":true,"href":"https:\/\/blog.tukywaingan.com\/index.php\/wp-json\/wp\/v2\/users\/2"}],"replies":[{"embeddable":true,"href":"https:\/\/blog.tukywaingan.com\/index.php\/wp-json\/wp\/v2\/comments?post=8971"}],"version-history":[{"count":21,"href":"https:\/\/blog.tukywaingan.com\/index.php\/wp-json\/wp\/v2\/pages\/8971\/revisions"}],"predecessor-version":[{"id":9582,"href":"https:\/\/blog.tukywaingan.com\/index.php\/wp-json\/wp\/v2\/pages\/8971\/revisions\/9582"}],"wp:attachment":[{"href":"https:\/\/blog.tukywaingan.com\/index.php\/wp-json\/wp\/v2\/media?parent=8971"}],"curies":[{"name":"wp","href":"https:\/\/api.w.org\/{rel}","templated":true}]}}